and 3.
3
Let i = 59 + -29. What is the greatest common divisor of 6 and i?
6
Let z(f) = -5*f + 38. Let y be z(-5). What is the highest common divisor of 42 and y?
21
Suppose -5*r + 0*r = -310. Let w be r/6 + (-7)/21. What is the greatest common divisor of 10 and w?
10
Let d(h) = h**3 - 12*h**2 + 16*h - 14. Let z be d(13). Suppose -93 + z = 2*g. Calculate the greatest common factor of g and 27.
27
Let g(j) = -2*j**2 + 7*j - 4. Let s be g(4). Let a(k) = k + 10. Let v be a(s). Suppose -87 + 31 = -4*t. Calculate the highest common divisor of t and v.
2
Let n(x) = x**2 + x - 2. Let r be n(-4). Suppose -4*d - r = -u, -3*u + 2*u + 10 = 3*d. What is the highest common divisor of 50 and u?
10
Suppose 0*p + p = 5*k - 73, 0 = 4*p + 12. Calculate the greatest common divisor of 42 and k.
14
Let i = 14 - 11. Suppose -c - 20 = -i*c. What is the highest common divisor of 70 and c?
10
Suppose -4*r + 5*q - q = -852, -3*r - 3*q = -615. What is the greatest common divisor of 11 and r?
11
Let j(y) = -58*y - 12. Let t be j(-3). Let b = 15 + 3. Calculate the greatest common divisor of b and t.
18
Let k(d) = 1 - 5*d + 15 + 4*d. Let r be k(0). Suppose -3*i = -14 - r. What is the greatest common divisor of 80 and i?
10
Let a be ((-28)/8)/(-7)*52. Suppose 0*t + p + 317 = 4*t, 10 = -2*p. What is the highest common divisor of a and t?
26
Let d be 4/(-40)*8*-250. What is the greatest common factor of d and 25?
25
Suppose 108 = -13*w + 14*w. What is the greatest common factor of 27 and w?
27
Let h(c) = -19*c - 1. Suppose -2*k + 7*k + 5 = 0. Let o be h(k). Suppose 0*i - o = -i. Calculate the highest common divisor of 3 and i.
3
Let g = 263 - 187. Let z(j) = j**3 - 2*j**2 + 4*j - 2. Let p be z(3). What is the greatest common divisor of g and p?
19
Let y = 12 + -2. Calculate the greatest common factor of y and 30.
10
Let w(v) = v + 4. Let k be w(0). Calculate the highest common factor of 6 and k.
2
Let x(u) = -8*u - 1. Let b be x(-4). What is the greatest common divisor of 248 and b?
31
Let g(t) be the first derivative of 2*t**3/3 + 2*t**2 - t - 4. Let c be g(-4). Let o = 337 - 217. What is the highest common factor of c and o?
15
Suppose -3*c - 5*k - 18 = -2*k, 4*k + 12 = 2*c. Let o = 64 - c. Let l be o/4 - 2/4. Calculate the highest common factor of l and 128.
16
Suppose 5*t - 2*m = 335, 235 = 4*t + 5*m - 0*m. Calculate the greatest common factor of t and 26.
13
Suppose 20 = 2*b - r, 0*b - 4*r + 52 = 3*b. Let q be b/54 - 43/(-9). What is the highest common divisor of q and 45?
5
Let h(c) = -42*c. Let p(s) = -s**2 + 5*s - 3. Let v be p(5). Let f be h(v). Calculate the greatest common factor of f and 18.
18
Let a(v) = 30*v**2 + 2*v. Let r = -16 - -13. Let u be a(r). Calculate the greatest common divisor of u and 24.
24
Let m(r) = -11*r + 5. Let h be m(-1). Calculate the greatest common factor of h and 4.
4
Let v be 2/3 - 3192/9. Let r be v/4*8/(-6). Let b = r + -55. What is the highest common factor of b and 7?
7
Suppose -i + 2*z = -64 + 15, 44 = i - z. Let o be i/2 + (-4)/8. Calculate the highest common factor of o and 19.
19
Suppose 6 = 2*h - 0*h. Suppose -7*n = -4*b - h*n + 80, 28 = b + n. Calculate the highest common factor of 8 and b.
8
Suppose 2*q + 22 = 4*k, k + 0*q = -2*q + 8. Let s be (-4)/14 - 592/(-14). Calculate the highest common divisor of s and k.
6
Suppose 3*i = -3*l + 9, i = l - 2*i - 15. What is the greatest common factor of 3 and l?
3
Suppose -4*x - 5*p - 5 + 115 = 0, -x - 4*p + 33 = 0. Let i be 3/(18/20)*(58 + -55). Calculate the greatest common divisor of x and i.
5
Let p(k) = -8*k - 4. Let q be p(-1). Calculate the highest common factor of 4 and q.
4
Let f be (2/(-6))/((-3)/162). What is the greatest common factor of f and 6?
6
Let r(u) = -u**2 + 7*u + 6. Let y be r(7). Calculate the greatest common factor of y and 12.
6
Suppose -z = -5*z + 96. Let r be 6/((-1)/((-4)/6)). Suppose -4*s + 2*a + 6 = -18, r*a - 16 = 0. Calculate the greatest common factor of z and s.
8
Let y(k) = -k**3 - 6*k**2 - 6*k - 10. Let c be y(-7). What is the highest common divisor of 9 and c?
9
Let b(r) = 7*r - 5. Let x be b(2). Let h(l) = -3*l**3 + l**2 - 4*l - 3. Let j be h(-3). What is the highest common factor of j and x?
9
Let c(i) be the first derivative of -27*i**2/2 + 2. Let y be c(-1). What is the greatest common factor of y and 18?
9
Suppose 41 = 4*j - 5*k, 0*j + 19 = j - 3*k. Let d = 32 + -16. Calculate the highest common factor of j and d.
4
Let h(l) = -l**3 + 9*l**2 - 3*l + 7. Let t be h(4). Calculate the greatest common divisor of t and 50.
25
Let r(h) = -4*h + 4. Let u be r(-3). What is the greatest common factor of 2 and u?
2
Let l = -34 - -52. What is the greatest common factor of 9 and l?
9
Suppose -94 = -3*h - k, 0*h - 2*k + 60 = 2*h. Suppose 3*x + 5 = -3*d - 1, 5*x - 2 = d. Suppose -3*z + 50 - 2 = x. What is the highest common factor of z and h?
16
Let a = 7 + 3. Let q = a + 1. Let n = 31 - 30. What is the greatest common divisor of n and q?
1
Let l = -188 - -769. Let x = -391 + l. What is the greatest common divisor of 76 and x?
38
Suppose -2*h - 5*g = -43, -3*h + 2*g = -0*g - 112. Calculate the greatest common divisor of h and 374.
34
Let z be 364/6*6/2. What is the highest common factor of 26 and z?
26
Suppose 0 = 5*w + 9 + 11. Let j be (2/w)/((-2)/60). Let x = -301 + 436. Calculate the highest common factor of j and x.
15
Let d be (((-16)/(-3))/4)/(13/702). What is the greatest common divisor of 18 and d?
18
Suppose -3*f + 31 = 4*u, 0*f + f - 5*u + 15 = 0. Suppose -3*v = 4*t - 41, f*t + 0*t + 4*v = 50. Calculate the highest common divisor of t and 28.
14
Let p(j) = j + 6. Let z be p(14). Calculate the greatest common divisor of z and 10.
10
Let z be (10/(-15))/(2/3). Let c = z + 7. What is the greatest common factor of 66 and c?
6
Let o be 25/(-10)*2 - -85. What is the highest common factor of o and 120?
40
Let b = -28 + 45. What is the greatest common factor of b and 85?
17
Let k be (-102)/(-6) - (-2 - -1). Calculate the highest common factor of k and 9.
9
Suppose 23 = 5*p - 2. Suppose 64 = 3*n - 4*w, -2*n + 0*n = p*w - 12. Suppose -9 - n = -5*m. What is the greatest common factor of m and 5?
5
Suppose 2*i - 60 = -0. Let m = 81 - i. Suppose f - m = -15. What is the greatest common factor of f and 12?
12
Suppose 0 = -4*q + q - 66. Let z be 3/(-2)*66/9. Let k = z - q. What is the highest common factor of 121 and k?
11
Let a = 8 + -5. Suppose -3*y = w - 46, -2*y + 10 = -5*w - 15. What is the greatest common factor of y and a?
3
Let r be 10/((1 - -3) + -2). Suppose r*n + 68 = 308. Calculate the highest common divisor of 6 and n.
6
Suppose 0*f - 5*f + 10 = 0. Suppose f*c = -c + 81. What is the greatest common factor of 18 and c?
9
Let k be 86/5 - 9/45. Calculate the greatest common factor of 153 and k.
17
Let o = -19 - -34. Calculate the greatest common divisor of o and 15.
15
Suppose 5*x = -2*g + 31 + 4, 3*g - 5 = 2*x. Let q be 2/(-9) - 4/(-18). Suppose q = 5*w + 13 - 3, w = -n + 33. Calculate the greatest common divisor of x and n.
5
Let r(p) = p**2 + 5*p - 10. Let w be r(-7). Suppose 4*a = -w*c - 140, a + 2*a - 5*c + 145 = 0. Let x = a - -76. Calculate the highest common factor of 12 and x.
12
Let u be ((-40)/6 + 0)*(-231)/14. Calculate the greatest common factor of u and 11.
11
Let x = 16 - 11. Suppose -396 = -x*s - s. Suppose 2*m + 1 = -2*m - 5*t, 2*t = -3*m + 8. Calculate the highest common divisor of s and m.
6
Let m = 0 + 3. Suppose -m*z = -z + n + 9, 0 = 5*z - 2*n. Let k be 12/(-8)*(z + 0). What is the greatest common divisor of k and 27?
3
Suppose 3*y = 9, 2*y + 14 = 5*x - 70. Let z = -575 - -853. Let v = 440 - z. Calculate the highest common factor of v and x.
18
Suppose -z + 50 - 1 = 0. Let g = z + -33. Calculate the greatest common divisor of 16 and g.
16
Let q = 4 - 3. Let w be 105/3 - 0/q. What is the greatest common divisor of w and 14?
7
Let i be (2/(-6))/((-2)/12). Suppose i*l - 3 = l. Let t be ((-16)/l)/(3/(-27)). Calculate the highest common divisor of 32 and t.
16
Suppose 9 = w - 5. Let f = 3 + 0. Suppose -4 = -f*k + 2. Calculate the greatest common divisor of k and w.
2
Let x(k) = 3*k**2 - 12*k - 3. Let o be x(7). Calculate the greatest common divisor of 20 and o.
20
Suppose 15*a - 3572 + 1187 = 0. What is the highest common divisor of a